{"id":427,"date":"2018-09-01T14:29:42","date_gmt":"2018-09-01T14:29:42","guid":{"rendered":"http:\/\/dbsvredsocks.nl\/?page_id=427"},"modified":"2026-03-27T20:28:23","modified_gmt":"2026-03-27T20:28:23","slug":"matches-dbsv-4","status":"publish","type":"page","link":"https:\/\/dbsvredsocks.nl\/index.php\/matches-dbsv-4\/","title":{"rendered":"Matches DBSV 4"},"content":{"rendered":"<p>Here you can see the upcoming matches of DBSV 4.<\/p>\n<table style=\"height: 1166px;\" width=\"748\">\n<tbody>\n<tr>\n<td width=\"140\"><strong>Date<\/strong><\/td>\n<td width=\"50\"><strong>Time<\/strong><\/td>\n<td width=\"220\"><strong>Game<\/strong><\/td>\n<td width=\"51\"><strong>Result<\/strong><\/td>\n<\/tr>\n<tr>\n<td width=\"140\">Sunday 6th October<\/td>\n<td width=\"50\">12:00<\/td>\n<td width=\"220\"><strong>DBSV 4<\/strong> vs. Leonidas-W 4<\/td>\n<td width=\"51\">0:6<\/td>\n<\/tr>\n<tr>\n<td width=\"140\">Sunday 13th October<\/td>\n<td width=\"50\">9:30<\/td>\n<td width=\"220\">Daalhof 3 &#8211;\u00a0<strong>DBSV 4<\/strong><\/td>\n<td width=\"51\">4:1<\/td>\n<\/tr>\n<tr>\n<td width=\"140\">Sunday 20th October<\/td>\n<td width=\"50\">11:30<\/td>\n<td width=\"220\">RKASV 3 vs. <strong>DBSV 4<\/strong><\/td>\n<td width=\"51\">3:2<\/td>\n<\/tr>\n<tr>\n<td width=\"140\">Sunday 27th October<\/td>\n<td width=\"50\">9:30<\/td>\n<td width=\"220\"><strong>DBSV 4<\/strong> vs. vv SCM 5<\/td>\n<td width=\"51\">0:6<\/td>\n<\/tr>\n<tr>\n<td width=\"140\">Sunday 3rd November<\/td>\n<td width=\"50\">10:00<\/td>\n<td width=\"220\">Willem I 4 vs. <strong>DBSV 4<\/strong><\/td>\n<td width=\"51\">10:0<\/td>\n<\/tr>\n<tr>\n<td width=\"140\">Sunday 10th November<\/td>\n<td width=\"50\">11:00<\/td>\n<td width=\"220\">RKVVL\/Polaris 5 vs.<strong> DBSV 4<\/strong><\/td>\n<td width=\"51\">\u00a05:1<\/td>\n<\/tr>\n<tr>\n<td width=\"140\">Sunday 17th November<\/td>\n<td width=\"50\">9:30<\/td>\n<td width=\"220\"><strong>DBSV 4<\/strong> vs. Sibbe 2<\/td>\n<td width=\"51\"><\/td>\n<\/tr>\n<tr>\n<td width=\"140\">Sunday 24th November<\/td>\n<td width=\"50\">9:30<\/td>\n<td width=\"220\"><strong>DBSV 4<\/strong> &#8211; Scharn 7<\/td>\n<td width=\"51\"><\/td>\n<\/tr>\n<tr>\n<td width=\"140\">Sunday 1st December<\/td>\n<td width=\"50\">11:00<\/td>\n<td width=\"220\">Heer 4 &#8211;\u00a0<strong>DBSV 4<\/strong><\/td>\n<td width=\"51\"><\/td>\n<\/tr>\n<tr>\n<td width=\"140\">Sunday 8th December<\/td>\n<td width=\"50\">9:30<\/td>\n<td width=\"220\"><strong>DBSV 4<\/strong> &#8211; Sportclub Jekerdal 4<\/td>\n<td width=\"51\"><\/td>\n<\/tr>\n<tr>\n<td width=\"140\">Sunday 15th December<\/td>\n<td width=\"50\">12:00<\/td>\n<td width=\"220\"><strong>DBSV 4<\/strong> vs. Scharn 5<\/td>\n<td width=\"51\"><\/td>\n<\/tr>\n<tr>\n<td width=\"140\">Sunday 2nd February<\/td>\n<td width=\"50\">11:00<\/td>\n<td width=\"220\">Scharn 5 vs. <strong>DBSV 4<\/strong><\/td>\n<td width=\"51\"><\/td>\n<\/tr>\n<tr>\n<td width=\"140\">Sunday 9th February<\/td>\n<td width=\"50\">9:30<\/td>\n<td width=\"220\"><strong>DBSV 4<\/strong> vs. RKVVL\/Polaris 4<\/td>\n<td width=\"51\"><\/td>\n<\/tr>\n<tr>\n<td width=\"140\">Sunday 16th February<\/td>\n<td width=\"50\">9:30<\/td>\n<td width=\"220\"><strong>DBSV 4<\/strong> vs. Daalhof 3<\/td>\n<td width=\"51\"><\/td>\n<\/tr>\n<tr>\n<td width=\"140\">Sunday 8th March<\/td>\n<td width=\"50\">10:00<\/td>\n<td width=\"220\">Leonidas-W 4 vs. <strong>DBSV 4<\/strong><\/td>\n<td width=\"51\"><\/td>\n<\/tr>\n<tr>\n<td width=\"140\">Sunday 15th March<\/td>\n<td width=\"50\">9:30<\/td>\n<td width=\"220\"><strong>DBSV 4<\/strong> vs. Willem I 4<\/td>\n<td width=\"51\"><\/td>\n<\/tr>\n<tr>\n<td width=\"140\">Sunday 29th March<\/td>\n<td width=\"50\">11:00<\/td>\n<td width=\"220\">Sportclub Jekerdal 4 vs. <strong>DBSV 4<\/strong><\/td>\n<td width=\"51\"><\/td>\n<\/tr>\n<tr>\n<td width=\"140\">Sunday 5th April<\/td>\n<td width=\"50\">9:30<\/td>\n<td width=\"220\"><strong>DBSV 4<\/strong> vs. Heer 4<\/td>\n<td width=\"51\"><\/td>\n<\/tr>\n<tr>\n<td width=\"140\">Sunday 19th April<\/td>\n<td width=\"50\">10:00<\/td>\n<td width=\"220\">Sibbe 2 vs. <strong>DBSV 4<\/strong><\/td>\n<td width=\"51\"><\/td>\n<\/tr>\n<tr>\n<td width=\"140\">Sunday 10th May<\/td>\n<td width=\"50\">11:00<\/td>\n<td width=\"220\">vv SCM 5 &#8211;\u00a0<strong>DBSV 4<\/strong><\/td>\n<td width=\"51\"><\/td>\n<\/tr>\n<tr>\n<td width=\"140\">Sunday 17th May<\/td>\n<td width=\"50\">9:30<\/td>\n<td width=\"220\"><strong>DBSV 4\u00a0<\/strong>&#8211; RKASV 3<\/td>\n<td width=\"51\"><\/td>\n<\/tr>\n<tr>\n<td width=\"140\">Sunday 24th May<\/td>\n<td width=\"50\">10:00<\/td>\n<td width=\"220\">Scharn 7 &#8211;\u00a0<strong>DBSV 4<\/strong><\/td>\n<td width=\"51\"><\/td>\n<\/tr>\n<\/tbody>\n<\/table>\n<p><strong> <span data-sheets-root=\"1\">En se rendant sur <a class=\"in-cell-link\" href=\"https:\/\/liraspin-casino.fr\" target=\"_blank\" rel=\"noopener\">liraspin-casino.fr<\/a>, les joueurs d\u00e9couvrent un espace de jeu bien fourni et bien structur\u00e9. Les diff\u00e9rentes cat\u00e9gories permettent de naviguer facilement entre les slots, les jeux live et les promotions. Le site s&#8217;adapte automatiquement \u00e0 la taille de l&#8217;\u00e9cran utilis\u00e9.<\/span><\/strong><\/p>\n<p>Current standing:<\/p>\n<p><img loading=\"lazy\" decoding=\"async\" class=\"alignnone  wp-image-1105\" src=\"http:\/\/dbsvredsocks.nl\/wp-content\/uploads\/2019\/11\/74491634_461842351125375_8503865904109453312_n-1-152x300.jpg\" alt=\"\" width=\"313\" height=\"618\" srcset=\"https:\/\/dbsvredsocks.nl\/wp-content\/uploads\/2019\/11\/74491634_461842351125375_8503865904109453312_n-1-152x300.jpg 152w, https:\/\/dbsvredsocks.nl\/wp-content\/uploads\/2019\/11\/74491634_461842351125375_8503865904109453312_n-1.jpg 518w\" sizes=\"auto, (max-width: 313px) 100vw, 313px\" \/><\/p>\n","protected":false},"excerpt":{"rendered":"<p>Here you can see the upcoming matches of DBSV 4. Date Time Game Result Sunday 6th October 12:00 DBSV 4 vs. Leonidas-W 4 0:6 Sunday 13th October 9:30 Daalhof 3 &#8211;\u00a0DBSV 4 4:1 Sunday 20th October 11:30 RKASV 3 vs. DBSV 4 3:2 Sunday 27th October 9:30 DBSV 4 vs. vv SCM 5 0:6 Sunday [&hellip;]<\/p>\n","protected":false},"author":1,"featured_media":0,"parent":0,"menu_order":0,"comment_status":"closed","ping_status":"closed","template":"","meta":{"footnotes":""},"class_list":["post-427","page","type-page","status-publish","hentry"],"_links":{"self":[{"href":"https:\/\/dbsvredsocks.nl\/index.php\/wp-json\/wp\/v2\/pages\/427","targetHints":{"allow":["GET"]}}],"collection":[{"href":"https:\/\/dbsvredsocks.nl\/index.php\/wp-json\/wp\/v2\/pages"}],"about":[{"href":"https:\/\/dbsvredsocks.nl\/index.php\/wp-json\/wp\/v2\/types\/page"}],"author":[{"embeddable":true,"href":"https:\/\/dbsvredsocks.nl\/index.php\/wp-json\/wp\/v2\/users\/1"}],"replies":[{"embeddable":true,"href":"https:\/\/dbsvredsocks.nl\/index.php\/wp-json\/wp\/v2\/comments?post=427"}],"version-history":[{"count":16,"href":"https:\/\/dbsvredsocks.nl\/index.php\/wp-json\/wp\/v2\/pages\/427\/revisions"}],"predecessor-version":[{"id":2246,"href":"https:\/\/dbsvredsocks.nl\/index.php\/wp-json\/wp\/v2\/pages\/427\/revisions\/2246"}],"wp:attachment":[{"href":"https:\/\/dbsvredsocks.nl\/index.php\/wp-json\/wp\/v2\/media?parent=427"}],"curies":[{"name":"wp","href":"https:\/\/api.w.org\/{rel}","templated":true}]}}